{"id":376,"date":"2023-12-14T21:04:53","date_gmt":"2023-12-14T20:04:53","guid":{"rendered":"https:\/\/ishvara-conscience.com\/?page_id=376"},"modified":"2026-08-25T14:39:14","modified_gmt":"2026-08-25T12:39:14","slug":"cours-de-sound-of-yoga-mensuels","status":"publish","type":"page","link":"https:\/\/ishvara-conscience.com\/index.php\/cours-de-yoga\/cours-de-sound-of-yoga-mensuels\/","title":{"rendered":"Cours de sound of yoga mensuels"},"content":{"rendered":"\n<h3 class=\"wp-block-heading\" style=\"font-size:32px\"><strong>Cours de \u00ab&nbsp;Sound of yoga&nbsp;\u00bb mensuels<\/strong><strong><\/strong><\/h3>\n\n\n\n<div style=\"height:40px\" aria-hidden=\"true\" class=\"wp-block-spacer\"><\/div>\n\n\n\n<p class=\"wp-block-paragraph\" style=\"font-size:18px\">Un lundi par mois, Catherine et Yulara vous proposent une s\u00e9ance de yin yoga lors de laquelle tous les asanas (postures) sont accompagn\u00e9s par le son des bols chantants th\u00e9rapeutiques Peter Hess\u00ae et\/ou gongs.<\/p>\n\n\n\n<p class=\"wp-block-paragraph\" style=\"font-size:18px\">Les cours de yin yoga sont caract\u00e9ris\u00e9s par l\u2019immobilit\u00e9 du corps physique \u00e0 travers les asanas (postures) maintenus dans la dur\u00e9e afin d\u2019atteindre une d\u00e9tente et une relaxation profonde des muscles et de l\u2019ensemble du corps.<\/p>\n\n\n\n<p class=\"wp-block-paragraph\" style=\"font-size:18px\">La proposition est de \u00ab&nbsp;ne rien faire&nbsp;\u00bb mais bien de se laisser traverser par la profondeur du mouvement, anim\u00e9 par la respiration ample et profonde.<\/p>\n\n\n\n<p class=\"wp-block-paragraph\" style=\"font-size:18px\">C\u2019est gr\u00e2ce au ralentissement et \u00e0 la respiration que nous exp\u00e9rimentons la conscience d\u2019\u00eatre, tout simplement.<\/p>\n\n\n\n<p class=\"wp-block-paragraph\" style=\"font-size:18px\">La puissance du son favorise l\u2019apaisement du syst\u00e8me nerveux et la relaxation profonde. Le corps s\u2019harmonise au fil de la s\u00e9ance sur un rythme naturel et calme.<br><br>Les bols soutiennent l\u2019effort physique, en permettant une d\u00e9tente musculaire.<\/p>\n\n\n\n<p class=\"wp-block-paragraph\" style=\"font-size:18px\">L\u2019invitation est d\u2019\u00eatre \u00e0 l\u2019\u00e9coute du son, tout en \u00e9tant \u00e0 l\u2019\u00e9coute de notre corps, en laissant nos tensions se d\u00e9faire et nos limitations se d\u00e9bloquer. <br><br>Il s\u2019agit de nous sentir profond\u00e9ment ancr\u00e9s et de trouver une fluidit\u00e9 harmonieuse en soi et entre les diff\u00e9rentes parties de notre corps.<\/p>\n\n\n\n<p class=\"wp-block-paragraph\" style=\"font-size:18px\">La s\u00e9ance de yin yoga est suivie d\u2019un voyage sonore de +\/- 45 minutes qui peut ouvrir la voie vers des \u00e9tats modifi\u00e9s de conscience.<\/p>\n\n\n\n<p class=\"wp-block-paragraph\" style=\"font-size:18px\">Nous alternons les s\u00e9ances avec les bols th\u00e9rapeutiques Peter Hess\u00ae et les gongs..<\/p>\n\n\n\n<div style=\"height:20px\" aria-hidden=\"true\" class=\"wp-block-spacer\"><\/div>\n\n\n\n<hr class=\"wp-block-separator has-text-color has-alpha-channel-opacity has-background is-style-wide\" style=\"background-color:#deba4d;color:#deba4d\"\/>\n\n\n\n<div style=\"height:20px\" aria-hidden=\"true\" class=\"wp-block-spacer\"><\/div>\n\n\n\n<div class=\"wp-block-group has-background is-vertical is-content-justification-stretch is-layout-flex wp-container-core-group-is-layout-33ccc8b1 wp-block-group-is-layout-flex\" style=\"background-color:#fbfbfb\">\n<h4 class=\"wp-block-heading has-text-align-center has-text-color has-background\" style=\"color:#ffffff;background-color:#692c85;font-size:24px\">Informations pratiques<\/h4>\n\n\n\n<div style=\"height:0px\" aria-hidden=\"true\" class=\"wp-block-spacer wp-container-content-728072c3\"><\/div>\n\n\n\n<div class=\"wp-block-group is-vertical is-content-justification-center is-layout-flex wp-container-core-group-is-layout-524f8de7 wp-block-group-is-layout-flex\">\n<figure style=\"font-size:21px\" class=\"wp-block-table\"><table class=\"has-fixed-layout\"><tbody><tr><td class=\"has-text-align-center\" data-align=\"center\">Lundi<strong> 31\/08\/26<\/strong><\/td><td class=\"has-text-align-center\" data-align=\"center\">Lundi <strong>05 \/10<\/strong>\/<strong>26<\/strong><\/td><td class=\"has-text-align-center\" data-align=\"center\">Lundi <strong>02\/11<\/strong>\/<strong>25<\/strong><\/td><td>Lundi <strong>07\/12<\/strong>\/<strong>26<\/strong><\/td><td>Lundi <strong>04\/01\/2<\/strong>7<\/td><\/tr><tr><td class=\"has-text-align-center\" data-align=\"center\"><br>Lundi <strong>01\/02\/2<\/strong>7<\/td><td class=\"has-text-align-center\" data-align=\"center\"><br>Lundi <strong>08\/03\/27<\/strong><\/td><td class=\"has-text-align-center\" data-align=\"center\"><br>Lundi <strong>05\/04\/27<\/strong><\/td><td><br>Lundi <strong>10\/05\/27<\/strong><\/td><td>Lundi <strong>07\/06\/27<\/strong><\/td><\/tr><\/tbody><\/table><\/figure>\n\n\n\n<p class=\"has-background wp-block-paragraph\" style=\"background-color:#fbfbfb;font-size:18px\">Horaires :<\/p>\n\n\n\n<figure class=\"wp-block-table\"><table><tbody><tr><td>Un lundi par mois<\/td><td>19h \u00e0 21h30<\/td><\/tr><\/tbody><\/table><\/figure>\n<\/div>\n\n\n\n<p class=\"has-background wp-block-paragraph\" style=\"background-color:#fbfbfb;font-size:18px\">Lieu : <strong>32, rue Petit Plain &#8211; 4920 Aywaille<\/strong><\/p>\n\n\n\n<div style=\"height:0px\" aria-hidden=\"true\" class=\"wp-block-spacer wp-container-content-463bd4c8\"><\/div>\n\n\n\n<iframe src=\"https:\/\/www.google.com\/maps\/embed?pb=!1m18!1m12!1m3!1d2539.821240272289!2d5.724139912336124!3d50.46305338633756!2m3!1f0!2f0!3f0!3m2!1i1024!2i768!4f13.1!3m3!1m2!1s0x47c05e0ce70cf227%3A0x4cbb46bafff8fe38!2sRue%20Petit%20Plain%2032%2C%204920%20Aywaille!5e0!3m2!1sfr!2sbe!4v1696370571229!5m2!1sfr!2sbe\" width=\"100%\" height=\"250\" style=\"border:0;\" allowfullscreen=\"\" loading=\"lazy\" referrerpolicy=\"no-referrer-when-downgrade\"><\/iframe>\n\n\n\n<div style=\"height:0px\" aria-hidden=\"true\" class=\"wp-block-spacer wp-container-content-62aae154\"><\/div>\n\n\n\n<p class=\"has-text-align-center wp-block-paragraph\" style=\"font-size:18px\">Inscriptions par email ou par t\u00e9l\u00e9phone :<\/p>\n\n\n\n<div style=\"height:0px\" aria-hidden=\"true\" class=\"wp-block-spacer wp-container-content-62aae154\"><\/div>\n\n\n\n<div class=\"wp-block-columns is-layout-flex wp-container-core-columns-is-layout-8f761849 wp-block-columns-is-layout-flex\">\n<div class=\"wp-block-column is-layout-flow wp-block-column-is-layout-flow\">\n<p class=\"has-text-align-center wp-block-paragraph\" style=\"font-size:21px\"><strong>yulara.delsemme@gmail.com<\/strong><\/p>\n<\/div>\n\n\n\n<div class=\"wp-block-column is-layout-flow wp-block-column-is-layout-flow\">\n<p class=\"has-text-align-center wp-block-paragraph\" style=\"font-size:21px\"><strong>0032.479.287.505<\/strong><\/p>\n<\/div>\n<\/div>\n\n\n\n<div class=\"wp-block-group is-vertical is-content-justification-center is-layout-flex wp-container-core-group-is-layout-524f8de7 wp-block-group-is-layout-flex\">\n<p class=\"has-background wp-block-paragraph\" style=\"background-color:#fbfbfb;font-size:18px\">Prix : <strong>30\u20ac <\/strong>par s\u00e9ance de 2h30<\/p>\n<\/div>\n\n\n\n<p class=\"has-background wp-block-paragraph\" style=\"background-color:#fbfbfb;font-size:18px\">A emporter avec vous : <strong>une tenue de sport et une bouteille d&rsquo;eau<\/strong>.<\/p>\n\n\n\n<p class=\"has-background wp-block-paragraph\" style=\"background-color:#fbfbfb;font-size:18px\"><strong>Vos accompagnatrices :<\/strong><\/p>\n\n\n\n<div class=\"wp-block-columns is-layout-flex wp-container-core-columns-is-layout-8f761849 wp-block-columns-is-layout-flex\">\n<div class=\"wp-block-column is-layout-flow wp-block-column-is-layout-flow\">\n<p class=\"has-text-align-center wp-block-paragraph\" style=\"font-size:21px\"><strong>Yulara<\/strong><\/p>\n\n\n\n<p class=\"has-text-align-center wp-block-paragraph\"><em>Professeure de Yoga<\/em><\/p>\n<\/div>\n\n\n\n<div class=\"wp-block-column is-layout-flow wp-block-column-is-layout-flow\">\n<p class=\"has-text-align-center wp-block-paragraph\" style=\"font-size:21px\"><strong>Catherine<\/strong><\/p>\n\n\n\n<p class=\"has-text-align-center wp-block-paragraph\"><em>Sonopraticienne Peter Hess\u00ae avec sp\u00e9cialisation au \u00ab Sound of Yoga \u00bb d\u2019Emily Hess<\/em><\/p>\n<\/div>\n<\/div>\n\n\n\n<div style=\"height:0px\" aria-hidden=\"true\" class=\"wp-block-spacer wp-container-content-62aae154\"><\/div>\n<\/div>\n\n\n\n<div style=\"height:60px\" aria-hidden=\"true\" class=\"wp-block-spacer\"><\/div>\n","protected":false},"excerpt":{"rendered":"<p>Cours de \u00ab&nbsp;Sound of yoga&nbsp;\u00bb mensuels Un lundi par mois, Catherine et Yulara vous proposent une s\u00e9ance de yin yoga lors de laquelle tous les asanas (postures) sont accompagn\u00e9s par [&hellip;]<\/p>\n","protected":false},"author":1,"featured_media":0,"parent":23,"menu_order":2,"comment_status":"closed","ping_status":"closed","template":"","meta":{"footnotes":""},"class_list":["post-376","page","type-page","status-publish","hentry"],"_links":{"self":[{"href":"https:\/\/ishvara-conscience.com\/index.php\/wp-json\/wp\/v2\/pages\/376","targetHints":{"allow":["GET"]}}],"collection":[{"href":"https:\/\/ishvara-conscience.com\/index.php\/wp-json\/wp\/v2\/pages"}],"about":[{"href":"https:\/\/ishvara-conscience.com\/index.php\/wp-json\/wp\/v2\/types\/page"}],"author":[{"embeddable":true,"href":"https:\/\/ishvara-conscience.com\/index.php\/wp-json\/wp\/v2\/users\/1"}],"replies":[{"embeddable":true,"href":"https:\/\/ishvara-conscience.com\/index.php\/wp-json\/wp\/v2\/comments?post=376"}],"version-history":[{"count":23,"href":"https:\/\/ishvara-conscience.com\/index.php\/wp-json\/wp\/v2\/pages\/376\/revisions"}],"predecessor-version":[{"id":849,"href":"https:\/\/ishvara-conscience.com\/index.php\/wp-json\/wp\/v2\/pages\/376\/revisions\/849"}],"up":[{"embeddable":true,"href":"https:\/\/ishvara-conscience.com\/index.php\/wp-json\/wp\/v2\/pages\/23"}],"wp:attachment":[{"href":"https:\/\/ishvara-conscience.com\/index.php\/wp-json\/wp\/v2\/media?parent=376"}],"curies":[{"name":"wp","href":"https:\/\/api.w.org\/{rel}","templated":true}]}}

<h3 class="wp-block-heading" style="font-size:32px"><strong>Cours de «&nbsp;Sound of yoga&nbsp;» mensuels</strong><strong></strong></h3>



<div style="height:40px" aria-hidden="true" class="wp-block-spacer"></div>



<p class="wp-block-paragraph" style="font-size:18px">Un lundi par mois, Catherine et Yulara vous proposent une séance de yin yoga lors de laquelle tous les asanas (postures) sont accompagnés par le son des bols chantants thérapeutiques Peter Hess® et/ou gongs.</p>



<p class="wp-block-paragraph" style="font-size:18px">Les cours de yin yoga sont caractérisés par l’immobilité du corps physique à travers les asanas (postures) maintenus dans la durée afin d’atteindre une détente et une relaxation profonde des muscles et de l’ensemble du corps.</p>



<p class="wp-block-paragraph" style="font-size:18px">La proposition est de «&nbsp;ne rien faire&nbsp;» mais bien de se laisser traverser par la profondeur du mouvement, animé par la respiration ample et profonde.</p>



<p class="wp-block-paragraph" style="font-size:18px">C’est grâce au ralentissement et à la respiration que nous expérimentons la conscience d’être, tout simplement.</p>



<p class="wp-block-paragraph" style="font-size:18px">La puissance du son favorise l’apaisement du système nerveux et la relaxation profonde. Le corps s’harmonise au fil de la séance sur un rythme naturel et calme.<br><br>Les bols soutiennent l’effort physique, en permettant une détente musculaire.</p>



<p class="wp-block-paragraph" style="font-size:18px">L’invitation est d’être à l’écoute du son, tout en étant à l’écoute de notre corps, en laissant nos tensions se défaire et nos limitations se débloquer. <br><br>Il s’agit de nous sentir profondément ancrés et de trouver une fluidité harmonieuse en soi et entre les différentes parties de notre corps.</p>



<p class="wp-block-paragraph" style="font-size:18px">La séance de yin yoga est suivie d’un voyage sonore de +/- 45 minutes qui peut ouvrir la voie vers des états modifiés de conscience.</p>



<p class="wp-block-paragraph" style="font-size:18px">Nous alternons les séances avec les bols thérapeutiques Peter Hess® et les gongs..</p>



<div style="height:20px" aria-hidden="true" class="wp-block-spacer"></div>



<hr class="wp-block-separator has-text-color has-alpha-channel-opacity has-background is-style-wide" style="background-color:#deba4d;color:#deba4d"/>



<div style="height:20px" aria-hidden="true" class="wp-block-spacer"></div>



<div class="wp-block-group has-background is-vertical is-content-justification-stretch is-layout-flex wp-container-core-group-is-layout-33ccc8b1 wp-block-group-is-layout-flex" style="background-color:#fbfbfb">
<h4 class="wp-block-heading has-text-align-center has-text-color has-background" style="color:#ffffff;background-color:#692c85;font-size:24px">Informations pratiques</h4>



<div style="height:0px" aria-hidden="true" class="wp-block-spacer wp-container-content-728072c3"></div>



<div class="wp-block-group is-vertical is-content-justification-center is-layout-flex wp-container-core-group-is-layout-524f8de7 wp-block-group-is-layout-flex">
<figure style="font-size:21px" class="wp-block-table"><table class="has-fixed-layout"><tbody><tr><td class="has-text-align-center" data-align="center">Lundi<strong> 31/08/26</strong></td><td class="has-text-align-center" data-align="center">Lundi <strong>05 /10</strong>/<strong>26</strong></td><td class="has-text-align-center" data-align="center">Lundi <strong>02/11</strong>/<strong>25</strong></td><td>Lundi <strong>07/12</strong>/<strong>26</strong></td><td>Lundi <strong>04/01/2</strong>7</td></tr><tr><td class="has-text-align-center" data-align="center"><br>Lundi <strong>01/02/2</strong>7</td><td class="has-text-align-center" data-align="center"><br>Lundi <strong>08/03/27</strong></td><td class="has-text-align-center" data-align="center"><br>Lundi <strong>05/04/27</strong></td><td><br>Lundi <strong>10/05/27</strong></td><td>Lundi <strong>07/06/27</strong></td></tr></tbody></table></figure>



<p class="has-background wp-block-paragraph" style="background-color:#fbfbfb;font-size:18px">Horaires :</p>



<figure class="wp-block-table"><table><tbody><tr><td>Un lundi par mois</td><td>19h à 21h30</td></tr></tbody></table></figure>
</div>



<p class="has-background wp-block-paragraph" style="background-color:#fbfbfb;font-size:18px">Lieu : <strong>32, rue Petit Plain &#8211; 4920 Aywaille</strong></p>



<div style="height:0px" aria-hidden="true" class="wp-block-spacer wp-container-content-463bd4c8"></div>



<iframe src="https://www.google.com/maps/embed?pb=!1m18!1m12!1m3!1d2539.821240272289!2d5.724139912336124!3d50.46305338633756!2m3!1f0!2f0!3f0!3m2!1i1024!2i768!4f13.1!3m3!1m2!1s0x47c05e0ce70cf227%3A0x4cbb46bafff8fe38!2sRue%20Petit%20Plain%2032%2C%204920%20Aywaille!5e0!3m2!1sfr!2sbe!4v1696370571229!5m2!1sfr!2sbe" width="100%" height="250" style="border:0;" allowfullscreen="" loading="lazy" referrerpolicy="no-referrer-when-downgrade"></iframe>



<div style="height:0px" aria-hidden="true" class="wp-block-spacer wp-container-content-62aae154"></div>



<p class="has-text-align-center wp-block-paragraph" style="font-size:18px">Inscriptions par email ou par téléphone :</p>



<div style="height:0px" aria-hidden="true" class="wp-block-spacer wp-container-content-62aae154"></div>



<div class="wp-block-columns is-layout-flex wp-container-core-columns-is-layout-8f761849 wp-block-columns-is-layout-flex">
<div class="wp-block-column is-layout-flow wp-block-column-is-layout-flow">
<p class="has-text-align-center wp-block-paragraph" style="font-size:21px"><strong>yulara.delsemme@gmail.com</strong></p>
</div>



<div class="wp-block-column is-layout-flow wp-block-column-is-layout-flow">
<p class="has-text-align-center wp-block-paragraph" style="font-size:21px"><strong>0032.479.287.505</strong></p>
</div>
</div>



<div class="wp-block-group is-vertical is-content-justification-center is-layout-flex wp-container-core-group-is-layout-524f8de7 wp-block-group-is-layout-flex">
<p class="has-background wp-block-paragraph" style="background-color:#fbfbfb;font-size:18px">Prix : <strong>30€ </strong>par séance de 2h30</p>
</div>



<p class="has-background wp-block-paragraph" style="background-color:#fbfbfb;font-size:18px">A emporter avec vous : <strong>une tenue de sport et une bouteille d&rsquo;eau</strong>.</p>



<p class="has-background wp-block-paragraph" style="background-color:#fbfbfb;font-size:18px"><strong>Vos accompagnatrices :</strong></p>



<div class="wp-block-columns is-layout-flex wp-container-core-columns-is-layout-8f761849 wp-block-columns-is-layout-flex">
<div class="wp-block-column is-layout-flow wp-block-column-is-layout-flow">
<p class="has-text-align-center wp-block-paragraph" style="font-size:21px"><strong>Yulara</strong></p>



<p class="has-text-align-center wp-block-paragraph"><em>Professeure de Yoga</em></p>
</div>



<div class="wp-block-column is-layout-flow wp-block-column-is-layout-flow">
<p class="has-text-align-center wp-block-paragraph" style="font-size:21px"><strong>Catherine</strong></p>



<p class="has-text-align-center wp-block-paragraph"><em>Sonopraticienne Peter Hess® avec spécialisation au « Sound of Yoga » d’Emily Hess</em></p>
</div>
</div>



<div style="height:0px" aria-hidden="true" class="wp-block-spacer wp-container-content-62aae154"></div>
</div>



<div style="height:60px" aria-hidden="true" class="wp-block-spacer"></div>

<p>Cours de «&nbsp;Sound of yoga&nbsp;» mensuels Un lundi par mois, Catherine et Yulara vous proposent une séance de yin yoga lors de laquelle tous les asanas (postures) sont accompagnés par [&hellip;]</p>
