{"id":17,"date":"2023-09-14T20:34:15","date_gmt":"2023-09-14T18:34:15","guid":{"rendered":"http:\/\/ishvara-conscience.com\/?page_id=17"},"modified":"2026-08-26T14:47:24","modified_gmt":"2026-08-26T12:47:24","slug":"accueil","status":"publish","type":"page","link":"https:\/\/ishvara-conscience.com\/","title":{"rendered":"Accueil"},"content":{"rendered":"\n<div style=\"height:100px\" aria-hidden=\"true\" class=\"wp-block-spacer\"><\/div>\n\n\n\n<h1 class=\"wp-block-heading has-text-align-center\" style=\"font-size:48px\"><strong>ISHVARA<\/strong><\/h1>\n\n\n\n<h2 class=\"wp-block-heading has-text-align-center\" style=\"font-size:32px\"><strong>Centre d&rsquo;\u00e9l\u00e9vation de conscience<\/strong><\/h2>\n\n\n\n<div style=\"height:100px\" aria-hidden=\"true\" class=\"wp-block-spacer\"><\/div>\n\n\n\n<hr class=\"wp-block-separator has-text-color has-alpha-channel-opacity has-background is-style-wide\" style=\"background-color:#deba4d;color:#deba4d\"\/>\n\n\n\n<div style=\"height:20px\" aria-hidden=\"true\" class=\"wp-block-spacer\"><\/div>\n\n\n\n<h4 class=\"wp-block-heading has-text-align-left\" style=\"font-size:21px;font-style:normal;font-weight:700\"><strong>L\u2019intention<\/strong><\/h4>\n\n\n\n<div style=\"height:10px\" aria-hidden=\"true\" class=\"wp-block-spacer\"><\/div>\n\n\n\n<p class=\"has-text-align-left wp-block-paragraph\" style=\"font-size:18px\">Nous avons cr\u00e9\u00e9 un lieu propice au travail de groupe et \u00e0 la reliance \u00e0 l\u2019ensemble qui nous permet de nous r\u00e9unir afin de m\u00e9diter, nous transformer et \u0153uvrer solidairement pour rejoindre progressivement notre essence.<\/p>\n\n\n\n<p class=\"has-text-align-left wp-block-paragraph\" style=\"font-size:18px\">Et par voie de cons\u00e9quence, nous donnons une direction claire et inspir\u00e9e \u00e0 nos vies.<\/p>\n\n\n\n<p class=\"has-text-align-left wp-block-paragraph\" style=\"font-size:18px\">Nous r\u00e9fl\u00e9chissons en groupe pour surmonter les d\u00e9fis de l\u2019humanit\u00e9 et saisir les opportunit\u00e9s d\u2019\u00e9volution propres \u00e0 notre \u00e9poque.<\/p>\n\n\n\n<p class=\"has-text-align-left wp-block-paragraph\" style=\"font-size:18px\">Nous tentons de remplir pleinement notre r\u00f4le d\u2019\u00eatre humain, au service de l\u2019ensemble des terriens.<\/p>\n\n\n\n<div style=\"height:20px\" aria-hidden=\"true\" class=\"wp-block-spacer\"><\/div>\n\n\n\n<hr class=\"wp-block-separator has-text-color has-alpha-channel-opacity has-background is-style-wide\" style=\"background-color:#deba4d;color:#deba4d\"\/>\n\n\n\n<div style=\"height:20px\" aria-hidden=\"true\" class=\"wp-block-spacer\"><\/div>\n\n\n\n<h4 class=\"wp-block-heading has-text-align-left\" style=\"font-size:21px;font-style:normal;font-weight:700\"><strong>L\u2019accompagnement propos\u00e9<\/strong><\/h4>\n\n\n\n<div style=\"height:10px\" aria-hidden=\"true\" class=\"wp-block-spacer\"><\/div>\n\n\n\n<p class=\"wp-block-paragraph\" style=\"font-size:18px\">Nos ateliers s\u2019inscrivent dans un mouvement qui tend \u00e0\u00a0:<\/p>\n\n\n\n<ul style=\"font-size:18px\" class=\"wp-block-list\">\n<li>\u00a0\u00e9couter ce que notre nature profonde nous r\u00e9v\u00e8le afin d\u2019exister de plus en plus au diapason de l\u2019essentiel<\/li>\n\n\n\n<li>orienter nos pens\u00e9es, paroles et actions vers un avenir souhaitable pour l\u2019ensemble<\/li>\n\n\n\n<li>initier une spiritualit\u00e9 vivante, incarn\u00e9e et ancr\u00e9e au c\u0153ur de notre quotidien<\/li>\n\n\n\n<li>nous soutenir mutuellement dans ce passage difficile d\u2019un individualisme bien marqu\u00e9 vers une inclusivit\u00e9 de plus en plus grande de la globalit\u00e9.<\/li>\n<\/ul>\n\n\n\n<p class=\"wp-block-paragraph\" style=\"font-size:18px\">Par les recherches, r\u00e9flexions et partages en groupe, nous tentons de nous relier davantage \u00e0 l\u2019ensemble et servir ce qui doit \u00eatre sur Terre.<\/p>\n\n\n\n<p class=\"wp-block-paragraph\" style=\"font-size:18px\">Nous apprenons \u00e0 resituer les \u00e9v\u00e8nements de notre temps dans un contexte plus global et \u00e0 remonter constamment sur le plan des causes subtiles, sans r\u00e9agir aux effets visibles.<\/p>\n\n\n\n<p class=\"wp-block-paragraph\" style=\"font-size:18px\">Nous cheminons ainsi vers plus de compr\u00e9hension aimante, discernement, vision claire, ouverture de c\u0153ur et inclusivit\u00e9.<\/p>\n\n\n\n<div style=\"height:20px\" aria-hidden=\"true\" class=\"wp-block-spacer\"><\/div>\n\n\n\n<hr class=\"wp-block-separator has-text-color has-alpha-channel-opacity has-background is-style-wide\" style=\"background-color:#deba4d;color:#deba4d\"\/>\n\n\n\n<div style=\"height:20px\" aria-hidden=\"true\" class=\"wp-block-spacer\"><\/div>\n\n\n\n<h4 class=\"wp-block-heading has-text-align-left\" style=\"font-size:21px;font-style:normal;font-weight:700\"><strong>Les 4 p\u00f4les de nos activit\u00e9s<\/strong><\/h4>\n\n\n\n<div style=\"height:10px\" aria-hidden=\"true\" class=\"wp-block-spacer\"><\/div>\n\n\n\n<p class=\"wp-block-paragraph\" style=\"font-size:18px\">\u2022 La <strong>psychosophie<\/strong> : vision globale de l\u2019existence qui se situe au carrefour de la psychologie, de la spiritualit\u00e9 et de la philosophie.<\/p>\n\n\n\n<p class=\"wp-block-paragraph\" style=\"font-size:18px\">\u2022 Les <strong>constellations syst\u00e9miques<\/strong> : technique puissante qui utilise le ressenti et le mouvement et qui replace chaque \u00e9v\u00e8nement ou v\u00e9cu dans son syst\u00e8me global, pour remettre de l&rsquo;ordre et un nouvel \u00e9quilibre dans notre vie.<\/p>\n\n\n\n<p class=\"wp-block-paragraph\" style=\"font-size:18px\">\u2022 Le <strong>yoga<\/strong> : ensemble d&rsquo;asanas (postures) favorisant la pleine pr\u00e9sence, la conscience de notre corps et la circulation fluide et harmonieuse de notre \u00e9nergie vitale.<\/p>\n\n\n\n<p class=\"wp-block-paragraph\" style=\"font-size:18px\">\u2022 <strong>Les ateliers pour enfants <\/strong>: la psychomotricit\u00e9 et la philosophie qui tend \u00e0 nourrir trois grands liens essentiels pour grandir en humanit\u00e9\u00a0: le lien \u00e0 soi, le lien \u00e0 l\u2019autre et le lien \u00e0 la nature et \u00e0 l\u2019univers.<\/p>\n\n\n\n<p class=\"wp-block-paragraph\"><\/p>\n\n\n\n<p class=\"wp-block-paragraph\" style=\"font-size:18px\"><\/p>\n\n\n\n<hr class=\"wp-block-separator has-text-color has-alpha-channel-opacity has-background is-style-wide\" style=\"background-color:#deba4d;color:#deba4d\"\/>\n\n\n\n<div style=\"height:20px\" aria-hidden=\"true\" class=\"wp-block-spacer\"><\/div>\n\n\n\n<h4 class=\"wp-block-heading has-text-align-left\" style=\"font-size:21px;font-style:normal;font-weight:700\"><strong>Outils principaux ?<\/strong><\/h4>\n\n\n\n<div style=\"height:10px\" aria-hidden=\"true\" class=\"wp-block-spacer\"><\/div>\n\n\n\n<p class=\"wp-block-paragraph\" style=\"font-size:18px\">\u2022 La <strong>m\u00e9ditation et le travail de groupe<\/strong>\u00a0: recherches, v\u00e9cu int\u00e9rieur, r\u00e9flexions d\u2019ensemble et partages.<\/p>\n\n\n\n<p class=\"wp-block-paragraph\" style=\"font-size:18px\">\u2022 Les <strong>enseignements d\u2019Alice Bailey<\/strong>, du ma\u00eetre tib\u00e9tain Djwal Khul et la science des 7 Rayons d\u2019\u00e9nergie-conscience ou 7 qualit\u00e9s fondamentales de la Vie<\/p>\n\n\n\n<p class=\"wp-block-paragraph\" style=\"font-size:18px\">\u2022 L\u2019<strong>astrologie \u00e9sot\u00e9rique et plan\u00e9taire<\/strong><\/p>\n\n\n\n<p class=\"wp-block-paragraph\" style=\"font-size:18px\">\u2022 La <strong>psychosophie<\/strong> : ateliers et ouvrages de <strong>Patrice et Fr\u00e9d\u00e9rique Brasseur<\/strong> (<strong>psychosophie.com<\/strong>)<\/p>\n\n\n\n<p class=\"wp-block-paragraph\" style=\"font-size:18px\">\u2022 Le <strong>yoga Iyengar et le Yin yoga<\/strong><\/p>\n\n\n\n<p class=\"wp-block-paragraph\" style=\"font-size:18px\">\u2022 Les <strong>constellations syst\u00e9miques<\/strong><\/p>\n\n\n\n<div style=\"height:20px\" aria-hidden=\"true\" class=\"wp-block-spacer\"><\/div>\n\n\n\n<hr class=\"wp-block-separator has-text-color has-alpha-channel-opacity has-background is-style-wide\" style=\"background-color:#deba4d;color:#deba4d\"\/>\n\n\n\n<div style=\"height:20px\" aria-hidden=\"true\" class=\"wp-block-spacer\"><\/div>\n\n\n\n<h4 class=\"wp-block-heading has-text-align-left\" style=\"font-size:21px;font-style:normal;font-weight:700\"><strong>Signification d&rsquo;Ishvara<\/strong><\/h4>\n\n\n\n<div style=\"height:10px\" aria-hidden=\"true\" class=\"wp-block-spacer\"><\/div>\n\n\n\n<p class=\"wp-block-paragraph\" style=\"font-size:18px\">Ishvara est un nom sanskrit d\u00e9crit dans les Yogas Sutras de Patanjali comme \u00e9tant l\u2019\u00e2me en toute chose, la conscience sup\u00e9rieure ou conscience de groupe. C\u2019est notre Soi sup\u00e9rieur dont la nature est connaissance absolue, amour, sagesse et intelligence cr\u00e9atrice.<\/p>\n\n\n\n<p class=\"wp-block-paragraph\" style=\"font-size:18px\">Le cheminement pour penser, agir et vivre \u00e0 partir d\u2019Ishvara consiste \u00e0 \u0153uvrer au service du bien commun, en harmonie avec la plan\u00e8te Terre et tous ses \u00eatres vivants.<\/p>\n\n\n\n<p class=\"wp-block-paragraph\" style=\"font-size:18px\">Ishvara nous invite \u00e0 nous rappeler que nous sommes une partie int\u00e9grante d\u2019un ensemble bien plus vaste dans lequel nous venons jouer notre r\u00f4le, anim\u00e9s par des qualit\u00e9s particuli\u00e8res.<\/p>\n\n\n\n<div style=\"height:20px\" aria-hidden=\"true\" class=\"wp-block-spacer\"><\/div>\n\n\n\n<hr class=\"wp-block-separator has-text-color has-alpha-channel-opacity has-background is-style-wide\" style=\"background-color:#deba4d;color:#deba4d\"\/>\n\n\n\n<div style=\"height:20px\" aria-hidden=\"true\" class=\"wp-block-spacer\"><\/div>\n\n\n\n<h4 class=\"wp-block-heading has-text-align-left\" style=\"font-size:21px;font-style:normal;font-weight:700\"><strong>Vos accompagnants<\/strong><\/h4>\n\n\n\n<div style=\"height:10px\" aria-hidden=\"true\" class=\"wp-block-spacer\"><\/div>\n\n\n\n<div class=\"wp-block-columns is-layout-flex wp-container-core-columns-is-layout-8f761849 wp-block-columns-is-layout-flex\">\n<div class=\"wp-block-column is-layout-flow wp-block-column-is-layout-flow\">\n<h5 class=\"wp-block-heading has-text-align-center\">Yulara<\/h5>\n<\/div>\n\n\n\n<div class=\"wp-block-column is-layout-flow wp-block-column-is-layout-flow\">\n<h5 class=\"wp-block-heading has-text-align-center\">Xavier<\/h5>\n<\/div>\n<\/div>\n","protected":false},"excerpt":{"rendered":"<p>ISHVARA Centre d&rsquo;\u00e9l\u00e9vation de conscience L\u2019intention Nous avons cr\u00e9\u00e9 un lieu propice au travail de groupe et \u00e0 la reliance \u00e0 l\u2019ensemble qui nous permet de nous r\u00e9unir afin de [&hellip;]<\/p>\n","protected":false},"author":1,"featured_media":0,"parent":0,"menu_order":1,"comment_status":"closed","ping_status":"closed","template":"","meta":{"footnotes":""},"class_list":["post-17","page","type-page","status-publish","hentry"],"_links":{"self":[{"href":"https:\/\/ishvara-conscience.com\/index.php\/wp-json\/wp\/v2\/pages\/17","targetHints":{"allow":["GET"]}}],"collection":[{"href":"https:\/\/ishvara-conscience.com\/index.php\/wp-json\/wp\/v2\/pages"}],"about":[{"href":"https:\/\/ishvara-conscience.com\/index.php\/wp-json\/wp\/v2\/types\/page"}],"author":[{"embeddable":true,"href":"https:\/\/ishvara-conscience.com\/index.php\/wp-json\/wp\/v2\/users\/1"}],"replies":[{"embeddable":true,"href":"https:\/\/ishvara-conscience.com\/index.php\/wp-json\/wp\/v2\/comments?post=17"}],"version-history":[{"count":68,"href":"https:\/\/ishvara-conscience.com\/index.php\/wp-json\/wp\/v2\/pages\/17\/revisions"}],"predecessor-version":[{"id":865,"href":"https:\/\/ishvara-conscience.com\/index.php\/wp-json\/wp\/v2\/pages\/17\/revisions\/865"}],"wp:attachment":[{"href":"https:\/\/ishvara-conscience.com\/index.php\/wp-json\/wp\/v2\/media?parent=17"}],"curies":[{"name":"wp","href":"https:\/\/api.w.org\/{rel}","templated":true}]}}

<div style="height:100px" aria-hidden="true" class="wp-block-spacer"></div>



<h1 class="wp-block-heading has-text-align-center" style="font-size:48px"><strong>ISHVARA</strong></h1>



<h2 class="wp-block-heading has-text-align-center" style="font-size:32px"><strong>Centre d&rsquo;élévation de conscience</strong></h2>



<div style="height:100px" aria-hidden="true" class="wp-block-spacer"></div>



<hr class="wp-block-separator has-text-color has-alpha-channel-opacity has-background is-style-wide" style="background-color:#deba4d;color:#deba4d"/>



<div style="height:20px" aria-hidden="true" class="wp-block-spacer"></div>



<h4 class="wp-block-heading has-text-align-left" style="font-size:21px;font-style:normal;font-weight:700"><strong>L’intention</strong></h4>



<div style="height:10px" aria-hidden="true" class="wp-block-spacer"></div>



<p class="has-text-align-left wp-block-paragraph" style="font-size:18px">Nous avons créé un lieu propice au travail de groupe et à la reliance à l’ensemble qui nous permet de nous réunir afin de méditer, nous transformer et œuvrer solidairement pour rejoindre progressivement notre essence.</p>



<p class="has-text-align-left wp-block-paragraph" style="font-size:18px">Et par voie de conséquence, nous donnons une direction claire et inspirée à nos vies.</p>



<p class="has-text-align-left wp-block-paragraph" style="font-size:18px">Nous réfléchissons en groupe pour surmonter les défis de l’humanité et saisir les opportunités d’évolution propres à notre époque.</p>



<p class="has-text-align-left wp-block-paragraph" style="font-size:18px">Nous tentons de remplir pleinement notre rôle d’être humain, au service de l’ensemble des terriens.</p>



<div style="height:20px" aria-hidden="true" class="wp-block-spacer"></div>



<hr class="wp-block-separator has-text-color has-alpha-channel-opacity has-background is-style-wide" style="background-color:#deba4d;color:#deba4d"/>



<div style="height:20px" aria-hidden="true" class="wp-block-spacer"></div>



<h4 class="wp-block-heading has-text-align-left" style="font-size:21px;font-style:normal;font-weight:700"><strong>L’accompagnement proposé</strong></h4>



<div style="height:10px" aria-hidden="true" class="wp-block-spacer"></div>



<p class="wp-block-paragraph" style="font-size:18px">Nos ateliers s’inscrivent dans un mouvement qui tend à :</p>



<ul style="font-size:18px" class="wp-block-list">
<li> écouter ce que notre nature profonde nous révèle afin d’exister de plus en plus au diapason de l’essentiel</li>



<li>orienter nos pensées, paroles et actions vers un avenir souhaitable pour l’ensemble</li>



<li>initier une spiritualité vivante, incarnée et ancrée au cœur de notre quotidien</li>



<li>nous soutenir mutuellement dans ce passage difficile d’un individualisme bien marqué vers une inclusivité de plus en plus grande de la globalité.</li>
</ul>



<p class="wp-block-paragraph" style="font-size:18px">Par les recherches, réflexions et partages en groupe, nous tentons de nous relier davantage à l’ensemble et servir ce qui doit être sur Terre.</p>



<p class="wp-block-paragraph" style="font-size:18px">Nous apprenons à resituer les évènements de notre temps dans un contexte plus global et à remonter constamment sur le plan des causes subtiles, sans réagir aux effets visibles.</p>



<p class="wp-block-paragraph" style="font-size:18px">Nous cheminons ainsi vers plus de compréhension aimante, discernement, vision claire, ouverture de cœur et inclusivité.</p>



<div style="height:20px" aria-hidden="true" class="wp-block-spacer"></div>



<hr class="wp-block-separator has-text-color has-alpha-channel-opacity has-background is-style-wide" style="background-color:#deba4d;color:#deba4d"/>



<div style="height:20px" aria-hidden="true" class="wp-block-spacer"></div>



<h4 class="wp-block-heading has-text-align-left" style="font-size:21px;font-style:normal;font-weight:700"><strong>Les 4 pôles de nos activités</strong></h4>



<div style="height:10px" aria-hidden="true" class="wp-block-spacer"></div>



<p class="wp-block-paragraph" style="font-size:18px">• La <strong>psychosophie</strong> : vision globale de l’existence qui se situe au carrefour de la psychologie, de la spiritualité et de la philosophie.</p>



<p class="wp-block-paragraph" style="font-size:18px">• Les <strong>constellations systémiques</strong> : technique puissante qui utilise le ressenti et le mouvement et qui replace chaque évènement ou vécu dans son système global, pour remettre de l&rsquo;ordre et un nouvel équilibre dans notre vie.</p>



<p class="wp-block-paragraph" style="font-size:18px">• Le <strong>yoga</strong> : ensemble d&rsquo;asanas (postures) favorisant la pleine présence, la conscience de notre corps et la circulation fluide et harmonieuse de notre énergie vitale.</p>



<p class="wp-block-paragraph" style="font-size:18px">• <strong>Les ateliers pour enfants </strong>: la psychomotricité et la philosophie qui tend à nourrir trois grands liens essentiels pour grandir en humanité : le lien à soi, le lien à l’autre et le lien à la nature et à l’univers.</p>



<p class="wp-block-paragraph"></p>



<p class="wp-block-paragraph" style="font-size:18px"></p>



<hr class="wp-block-separator has-text-color has-alpha-channel-opacity has-background is-style-wide" style="background-color:#deba4d;color:#deba4d"/>



<div style="height:20px" aria-hidden="true" class="wp-block-spacer"></div>



<h4 class="wp-block-heading has-text-align-left" style="font-size:21px;font-style:normal;font-weight:700"><strong>Outils principaux ?</strong></h4>



<div style="height:10px" aria-hidden="true" class="wp-block-spacer"></div>



<p class="wp-block-paragraph" style="font-size:18px">• La <strong>méditation et le travail de groupe</strong> : recherches, vécu intérieur, réflexions d’ensemble et partages.</p>



<p class="wp-block-paragraph" style="font-size:18px">• Les <strong>enseignements d’Alice Bailey</strong>, du maître tibétain Djwal Khul et la science des 7 Rayons d’énergie-conscience ou 7 qualités fondamentales de la Vie</p>



<p class="wp-block-paragraph" style="font-size:18px">• L’<strong>astrologie ésotérique et planétaire</strong></p>



<p class="wp-block-paragraph" style="font-size:18px">• La <strong>psychosophie</strong> : ateliers et ouvrages de <strong>Patrice et Frédérique Brasseur</strong> (<strong>psychosophie.com</strong>)</p>



<p class="wp-block-paragraph" style="font-size:18px">• Le <strong>yoga Iyengar et le Yin yoga</strong></p>



<p class="wp-block-paragraph" style="font-size:18px">• Les <strong>constellations systémiques</strong></p>



<div style="height:20px" aria-hidden="true" class="wp-block-spacer"></div>



<hr class="wp-block-separator has-text-color has-alpha-channel-opacity has-background is-style-wide" style="background-color:#deba4d;color:#deba4d"/>



<div style="height:20px" aria-hidden="true" class="wp-block-spacer"></div>



<h4 class="wp-block-heading has-text-align-left" style="font-size:21px;font-style:normal;font-weight:700"><strong>Signification d&rsquo;Ishvara</strong></h4>



<div style="height:10px" aria-hidden="true" class="wp-block-spacer"></div>



<p class="wp-block-paragraph" style="font-size:18px">Ishvara est un nom sanskrit décrit dans les Yogas Sutras de Patanjali comme étant l’âme en toute chose, la conscience supérieure ou conscience de groupe. C’est notre Soi supérieur dont la nature est connaissance absolue, amour, sagesse et intelligence créatrice.</p>



<p class="wp-block-paragraph" style="font-size:18px">Le cheminement pour penser, agir et vivre à partir d’Ishvara consiste à œuvrer au service du bien commun, en harmonie avec la planète Terre et tous ses êtres vivants.</p>



<p class="wp-block-paragraph" style="font-size:18px">Ishvara nous invite à nous rappeler que nous sommes une partie intégrante d’un ensemble bien plus vaste dans lequel nous venons jouer notre rôle, animés par des qualités particulières.</p>



<div style="height:20px" aria-hidden="true" class="wp-block-spacer"></div>



<hr class="wp-block-separator has-text-color has-alpha-channel-opacity has-background is-style-wide" style="background-color:#deba4d;color:#deba4d"/>



<div style="height:20px" aria-hidden="true" class="wp-block-spacer"></div>



<h4 class="wp-block-heading has-text-align-left" style="font-size:21px;font-style:normal;font-weight:700"><strong>Vos accompagnants</strong></h4>



<div style="height:10px" aria-hidden="true" class="wp-block-spacer"></div>



<div class="wp-block-columns is-layout-flex wp-container-core-columns-is-layout-8f761849 wp-block-columns-is-layout-flex">
<div class="wp-block-column is-layout-flow wp-block-column-is-layout-flow">
<h5 class="wp-block-heading has-text-align-center">Yulara</h5>
</div>



<div class="wp-block-column is-layout-flow wp-block-column-is-layout-flow">
<h5 class="wp-block-heading has-text-align-center">Xavier</h5>
</div>
</div>

<p>ISHVARA Centre d&rsquo;élévation de conscience L’intention Nous avons créé un lieu propice au travail de groupe et à la reliance à l’ensemble qui nous permet de nous réunir afin de [&hellip;]</p>
